 - b - 35 = 0. Let o be 240/(-12)*u*(-24)/10. Suppose 0 = -5*t + 15, -2*n - 3*t + 659 + o = 0. Is n composite?
True
Let j = -4142 + 2707. Let o = j - -4142. Is o prime?
True
Let a = -33429 - -100456. Is a a prime number?
False
Is (12428654/294)/(((-2)/8)/(6/(-8))) a composite number?
False
Suppose -26 = -4*t + o, 0 = 2*t + 5*o - 2 - 0. Suppose t*q - q = 15. Suppose 3771 + 3516 = q*v. Is v prime?
False
Let q(l) = -l**2 - 3*l + 2002. Let j be q(0). Suppose 0 = -i + j + 155. Is i composite?
True
Let k(t) = -440*t - 2551. Is k(-80) composite?
True
Let x(g) = 0*g**2 + 7159 - 2*g + 2*g**3 + 5*g + g**2. Is x(0) a composite number?
False
Let s(b) = 12219*b**3 - 6*b**2 + 11*b - 8. Let v be s(2). Let t = v - 50749. Is t composite?
False
Is (-100552)/(-6) + ((-207)/27)/(-23) a composite number?
False
Suppose -39*f + 19518 = -38*f + 5*u, 0 = 4*f + u - 78091. Is f a composite number?
True
Let c(p) = -849*p**2 - 212*p - 211. Let b be c(-1). Let x(l) = 10*l**3 + 2*l**2 + 8*l + 5. Let j be x(6). Let f = j + b. Is f composite?
True
Suppose 5*b - 4*r = 267675, 0 = -3*b - 673*r + 669*r + 160637. Is b a composite number?
True
Let a(j) = 11*j**2 - 44*j - 290. Let n be a(-49). Suppose 28*v - 6079 = n. Is v a prime number?
False
Let s = 571043 + -231180. Is s composite?
False
Let m(q) be the third derivative of q**6/30 - 7*q**5/60 + 25*q**3/6 + 22*q**2. Is m(11) composite?
True
Let l = -74 + 92. Suppose -30 = -l*u + 16*u. Is 95/u*(-174)/(-2) a prime number?
False
Suppose -6*d + 4*d = 0. Suppose -5*x - 14210 = -d*x. Is (x + -1)/(-8 + 7) a composite number?
False
Let x(u) = -480*u - 41. Let z(b) = b**3 - 2*b**2 - 4*b + 1. Let t be z(-2). Is x(t) prime?
True
Suppose 95*g = 93*g + 309142. Is g prime?
True
Is 225836/3 - (-4 - -3) - (-20)/15 a prime number?
False
Let p = 7060164 + -3662735. Is p prime?
False
Let a(i) = 32*i - 39. Let c(q) = -34*q + 38. Let k(x) = 4*a(x) + 5*c(x). Is k(-10) prime?
False
Let z(u) = -393*u + 32. Let r(y) = -2*y - 29. Let g be r(-13). Is z(g) a prime number?
False
Suppose g = -8*t + 10*t + 9, 0 = 4*t + 5*g - 3. Let u be (66 + -6)*(-1)/t. Is 1652 - u/(-8)*(-24)/(-20) a composite number?
True
Suppose 4980 = -3*s - 1362. Let o = s - -3155. Is o prime?
False
Let r(b) = 2*b**2 + 2*b + 551. Suppose 10 = 5*t - 10. Suppose t*a - 5*g = 8*a, -3*g = 3*a. Is r(a) a prime number?
False
Is (-7)/((-21)/9) - (-151959 - 41) a prime number?
True
Suppose 4*n + c - 4*c = 27, 0 = 5*n + 5*c + 10. Is 2/n*(142890/12 + -2) a prime number?
True
Let s = 345 + -343. Suppose 2*l + 4*y = 806, l + s*y = -l + 810. Is l prime?
False
Let w = 0 + 752. Suppose 2*s + i - 1548 = w, 4*s = 4*i + 4612. Is s composite?
False
Let n be (-172842)/24 - 9/(-12). Let l = n + 2137. Let g = 7669 + l. Is g a prime number?
False
Let o(f) = 94*f**2 - 12*f - 389. Is o(-39) composite?
False
Let z(t) = 6*t + 16. Let d be z(-8). Is (6285/(-12))/(8/d) a composite number?
True
Let x be (-2)/(-4)*(6827/1 - 9). Suppose k = 8*k - x. Is k a prime number?
True
Suppose 2*n + 8 = 0, 0 = 2*z - 5*z - 4*n - 4. Suppose a = -z*a + 30. Suppose a*d = 555 + 663. Is d a prime number?
False
Is (159/(-15) - (-2)/(-5))/((-29)/67657) a prime number?
False
Suppose 3*u - 167829 = 2*u - 4*m, 6*u - m - 1006774 = 0. Is u prime?
False
Let j be 8/(-2)*(4807/44)/(-19). Suppose -86393 = 4*a - j*a. Is a a prime number?
True
Is 54271 + (6 - 2 - (0 - (9 - 15))) composite?
False
Let k(g) = -24311*g - 74. Is k(-3) a prime number?
True
Let l be 480/14*(-20125)/50. Is l/(-2) + (-3 - -2) a composite number?
False
Suppose -98*j + 1991675 = -1658139. Is j composite?
False
Let n(s) = 6*s**2 - 2*s + 279. Is n(-17) composite?
True
Let z be 3/2*3/(3/(-34346)). Let w = -13432 - z. Is w a composite number?
True
Is -3*(-4)/(324/6138801) a prime number?
True
Let y(z) = 6148*z**2 - 182*z + 907. Is y(5) a composite number?
True
Let b(n) = -6 + 8*n - 1 + 13. Let v be b(-3). Is (v - 11)/(1*(-2)/10) a composite number?
True
Let p(h) = -61524*h - 3665. Is p(-3) prime?
True
Is 114309/273*(-126371)/(-21) prime?
False
Let g(p) = 237*p**2 - 17*p + 11. Let u(l) = l**2 - 1. Let d(q) = -g(q) - 2*u(q). Let j be d(6). Let a = -5308 - j. Is a a prime number?
True
Let q(j) = -6733*j - 204. Let n be q(-8). Suppose 19*v = n + 46071. Is v composite?
True
Let j be 232530/9 + 10/(-6). Suppose -j = 12*v - 17*v. Is v a composite number?
False
Let o(d) = -24*d**2 + 33*d**2 + 32 - 6 + 6*d. Is o(-9) composite?
False
Suppose -2*o = 2*g + 152 + 54, -4*g - 2*o - 420 = 0. Is g*(680/(-60) + (-1)/(-3)) a composite number?
True
Suppose 264*o = -74*o - 237*o + 69903325. Is o composite?
False
Suppose -b = -23 + 12. Is 5038/4 - (b/(-2) - -6) a composite number?
False
Suppose -5*r - 15 = 0, 4*r = -5*w + r - 24. Let o be 48/32*(-4)/w. Is 3123/6*(176/12)/o a composite number?
True
Let p(q) = 5*q + 29*q**2 - 73 + 79 + 7*q - 2*q. Is p(-5) composite?
True
Is 475960746/(-226)*1/(-3) prime?
True
Suppose 52*f - 574992 = -15*f + 3906571. Is f composite?
False
Suppose -2*z + 94151 = 5*v - 38787, 0 = -z - 3*v + 66469. Is z a composite number?
True
Let c = 30 + -22. Suppose -c = 3*a + 3*k - 2, -5*k = a + 22. Suppose a*z - 6236 = -z. Is z composite?
False
Is (6 + (-1 - (-4 + 8)))*16943 composite?
False
Suppose 35 = 3*l + 2*l - 5*c, l + 8 = -4*c. Suppose 0*t - l*t = -2492. Let x = 1137 - t. Is x prime?
False
Let p = -308304 + 471191. Is p composite?
True
Let d = -21950 - -45870. Suppose -2*k + 4*c + d = 5*c, -k + 3*c = -11953. Is k a composite number?
False
Suppose 14*g - 2*g - 556450 = 502082. Is g a composite number?
False
Let j be (-126)/(-210) - (1922/(-5) - 0). Let h = j - -985. Suppose -4*q - q = -5*i - 1370, 5*q = i + h. Is q a composite number?
True
Let o = 27 + -24. Suppose -5*d + 35 = 5*f, -7*d + o*f + 14 = -3*d. Suppose 3*n - j - 249 = 2*j, 2*n - d*j - 169 = 0. Is n composite?
True
Let d(q) be the third derivative of q**6/40 + q**5/20 + 5*q**4/12 - q**3/6 + q**2. Let s = -48 - -53. Is d(s) a prime number?
True
Let y be (-24)/(-2)*243/6. Let b = y + -198. Let j = -97 + b. Is j a composite number?
False
Suppose -5 = v - 4. Let d be v*8/(4/(-1)). Let i(g) = 85*g - 9. Is i(d) prime?
False
Let f(v) = v**3 + 127*v**2 - 183*v + 437. Is f(-66) a composite number?
True
Let i = 4 - 6. Let l(a) = -2*a**2 - 5*a - 2. Let y be l(i). Suppose y = -h + 2*h - 797. Is h prime?
True
Is 43160 - 7 - (-4)/(-12)*-4*6 a prime number?
False
Let h(q) = -12*q - 55. Let f be h(-5). Suppose -3*n + 0*c = 5*c - 18502, -f*n - 4*c + 30815 = 0. Is n a composite number?
True
Let h(i) = 2043*i**3 + 20*i**2 - 126*i + 104. Is h(5) prime?
True
Let m(z) = -50*z + 7. Suppose -28*x = -23*x + 30. Let w be m(x). Is (4 - 1 - 2)*w a prime number?
True
Let h = -8581 + 14047. Suppose -73*d + 248738 = -63556. Suppose -4*c + h + 937 = 3*q, 2*q + 5*c = d. Is q prime?
True
Let c(a) = -6257*a - 139. Is c(-10) a composite number?
True
Let k(j) = -j**2 - 9*j - 10. Let u be k(-7). Let q(h) = 730*h + 19. Is q(u) prime?
True
Let u = -6874 - -12622. Suppose -2*p = -4*g - 4480, 3*p = -2*g + 972 + u. Let y = p - 767. Is y prime?
False
Let d be (-5 - (-8 + 3)) + (3 - 0). Suppose 0 = 7*f - d*f. Let u = f - -37. Is u prime?
True
Let y(f) = -2*f**3 - f**2 - 32*f + 10. Let x be 2/(-8) + (-117)/12. Let g be y(x). Suppose -g = -36*a + 34*a. Is a prime?
False
Let b(d) = d**2 - 3*d - 18. Let s be b(6). Let t be ((-18110)/(-8))/(s + 4/16). Suppose -7*n + t = -5*n - j, 2*j = 6. Is n composite?
True
Let d(y) = 1398*y**2 + 4*y + 3. Suppose 9*b = -7 + 16. Suppose 0 = 2*f + 2*z + 10, 0*f + b = -5*f + z. Is d(f) prime?
False
Let z(f) = 139*f**2 + 3*f + 3. Let g(x) = x - 3. Let s be g(1). Is z(s) a composite number?
True
Let y(c) = -c**3 + 10*c**2 - 10*c + 8. Let j be y(9). Let z be 105/15 + 4*j. Suppose z*w = -3*w + 798. Is w composite?
True
Suppose -106*s - 1 = -105*s. Is ((-41)/2*226)/s a composite number?
True
Let u = -10315 + 17948. Is u a prime number?
False
Suppose 25*m - 64*m = -39. Is m - 114/((-215)/70 + 3) composite?
False
Suppose -24*d - 20 = -19*d. Is 1/d + 33971/28 prime?
True
Let c(u) = u**3 + 9*u**2 + 6*u - 17. Let h(y) = 4*y + 36. Let z be h(-11). Let f be c(z). Let m(t) = 750*t**2 - t. Is m(f) a composite number?
False
Suppose -5*c = 4*g - 103, 4*g - 3*c = 2*c + 73. Let r(j) = 12*j - 4 + 1 + 7 + 8 - 5. Is r(g) a composite number?
False
Suppo